{"id":463,"date":"2021-07-14T05:57:26","date_gmt":"2021-07-14T05:57:26","guid":{"rendered":"http:\/\/www.zjowen.com\/?page_id=463"},"modified":"2021-08-04T07:46:14","modified_gmt":"2021-08-04T07:46:14","slug":"sobre-nosotros","status":"publish","type":"page","link":"https:\/\/www.zjowen.com\/index.php\/sobre-nosotros\/?lang=es","title":{"rendered":"Sobre nosotros"},"content":{"rendered":"<p>[vc_row content_placement=&#8221;bottom&#8221;][vc_column width=&#8221;3\/4&#8243;]<div id=\"cz_66772\" class=\"cz_66772 cz_title clr cz_title_ba_line cz_title_pos_inline wpb_animate_when_almost_visible fadeInUp\"><div class=\"cz_title_content\"><div class=\"cz_wpe_content\"><h3><span style=\"font-size: 24px;\"><strong>TAIZHOU OWEN ELECTRO-MACHINERY CO., LTD<\/strong><\/span><\/h3>\n<\/div><div class=\"cz_title_line cz_line_after_title\"><span>_<\/span><\/div><\/div><\/div><div class=\"cz_gap clr \" style=\"height: 30px\"><\/div><div id=\"cz_49064\" class=\"cz_49064 cz_title clr cz_title_pos_inline wpb_animate_when_almost_visible fadeInUp\"><div class=\"cz_title_content\"><div class=\"cz_wpe_content\"><p><span>TAIZHOU OWEN ELECTRO-MACHINERY CO., LTD se encuentra en la hermosa costa de la ciudad de taizhou del este de China, establecida en 2011. La empresaOWEN cubre un \u00e1rea de 10,165 metros cuadrados y tiene m\u00e1s de 100 empleados en la actualidad. La producci\u00f3n anual es de casi 180,000 unidades. desde nuestro establecimiento, nos hemos adherido a la investigaci\u00f3n y el desarrollo independientes y la producci\u00f3n de compresores de aire. Mientras tanto, tenemos un taller de primera clase, l\u00edneas de montaje de producci\u00f3n avanzadas, equipos de prueba precisos y personal calificado.<br \/>\nNuestros productos principales son compresor de aire directo, compresor de aire de correa, compresor de aire sin aceite, compresor de placa base, compresor de aire de tanque vertical, compresor de motor de gas, cabezal de compresor de aire.<br \/>\nHemos superado la conformidad europea con gran calidad, excelente servicio, precios razonables y dise\u00f1os elegantes. Y exportamos a Europa, el sudeste de Asia y otros mercados emergentes.<br \/>\nPara fabricar productos de alta calidad, todo el personal de Owen posee una cultura corporativa de integridad y rigurosidad profesional.<br \/>\nD\u00e9 la bienvenida a nuevos amigos nacionales y extranjeros para que se pongan en contacto con nosotros y establezcan una asociaci\u00f3n a largo plazo. Luego, podemos lograr beneficios mutuos y crear una relaci\u00f3n de beneficio mutuo.<\/span><\/p>\n<\/div><\/div><\/div>[\/vc_column][vc_column width=&#8221;1\/4&#8243;]<div class=\"cz_gap clr \" style=\"height: 50px\"><\/div><div id=\"cz_92409\" class=\"cz_92409 slick arrows_mlr no_dots\" data-slick='{\"selector\":\"\",\"slidesToShow\":1,\"slidesToScroll\":1,\"rows\":1,\"fade\":false,\"vertical\":false,\"verticalSwiping\":false,\"infinite\":false,\"speed\":1000,\"centerMode\":false,\"centerPadding\":\"\",\"variableWidth\":false,\"autoplay\":true,\"autoplaySpeed\":4000,\"dots\":true,\"adaptiveHeight\":false,\"prevArrow\":\"<button type=\\\"button\\\" class=\\\"slick-prev\\\"><i class=\\\"fa fa-chevron-left\\\"><\\\/i><\\\/button>\",\"nextArrow\":\"<button type=\\\"button\\\" class=\\\"slick-next\\\"><i class=\\\"fa fa-chevron-right\\\"><\\\/i><\\\/button>\",\"responsive\":[{\"breakpoint\":769,\"settings\":{\"slidesToShow\":2,\"slidesToScroll\":1,\"touchMove\":true}},{\"breakpoint\":481,\"settings\":{\"slidesToShow\":1,\"slidesToScroll\":1,\"touchMove\":true}}]}'><div id=\"cz_94825\" class=\"cz_94825 cz_image clr cz_image_no_fx\"><div class=\"\"><div class=\"cz_image_in\"><div class=\"cz_main_image\"><img loading=\"lazy\" decoding=\"async\" width=\"450\" height=\"636\" src=\"data:image\/svg+xml,%3Csvg%20xmlns%3D&#39;http%3A%2F%2Fwww.w3.org%2F2000%2Fsvg&#39;%20width=&#39;450&#39;%20height=&#39;636&#39;%20viewBox%3D&#39;0%200%20450%20636&#39;%2F%3E\" data-czlz data-src=\"https:\/\/www.zjowen.com\/wp-content\/uploads\/2021\/05\/\u8bc1\u4e66ISETC.001720200713.jpg\" class=\"attachment-full\" alt=\"\" data-srcset=\"https:\/\/www.zjowen.com\/wp-content\/uploads\/2021\/05\/\u8bc1\u4e66ISETC.001720200713.jpg 450w, https:\/\/www.zjowen.com\/wp-content\/uploads\/2021\/05\/\u8bc1\u4e66ISETC.001720200713-212x300.jpg 212w\" data-sizes=\"auto, (max-width: 450px) 100vw, 450px\" \/><\/div><\/div><\/div><\/div><div id=\"cz_85129\" class=\"cz_85129 cz_image clr cz_image_no_fx\"><div class=\"\"><div class=\"cz_image_in\"><div class=\"cz_main_image\"><img loading=\"lazy\" decoding=\"async\" width=\"450\" height=\"636\" src=\"data:image\/svg+xml,%3Csvg%20xmlns%3D&#39;http%3A%2F%2Fwww.w3.org%2F2000%2Fsvg&#39;%20width=&#39;450&#39;%20height=&#39;636&#39;%20viewBox%3D&#39;0%200%20450%20636&#39;%2F%3E\" data-czlz data-src=\"https:\/\/www.zjowen.com\/wp-content\/uploads\/2021\/05\/\u8bc1\u4e66-ISETC.001820200713.jpg\" class=\"attachment-full\" alt=\"\" data-srcset=\"https:\/\/www.zjowen.com\/wp-content\/uploads\/2021\/05\/\u8bc1\u4e66-ISETC.001820200713.jpg 450w, https:\/\/www.zjowen.com\/wp-content\/uploads\/2021\/05\/\u8bc1\u4e66-ISETC.001820200713-212x300.jpg 212w\" data-sizes=\"auto, (max-width: 450px) 100vw, 450px\" \/><\/div><\/div><\/div><\/div><div id=\"cz_72697\" class=\"cz_72697 cz_image clr cz_image_no_fx\"><div class=\"\"><div class=\"cz_image_in\"><div class=\"cz_main_image\"><img loading=\"lazy\" decoding=\"async\" width=\"450\" height=\"636\" src=\"data:image\/svg+xml,%3Csvg%20xmlns%3D&#39;http%3A%2F%2Fwww.w3.org%2F2000%2Fsvg&#39;%20width=&#39;450&#39;%20height=&#39;636&#39;%20viewBox%3D&#39;0%200%20450%20636&#39;%2F%3E\" data-czlz data-src=\"https:\/\/www.zjowen.com\/wp-content\/uploads\/2021\/05\/\u8bc1\u4e66-ISETC.001920200713.jpg\" class=\"attachment-full\" alt=\"\" data-srcset=\"https:\/\/www.zjowen.com\/wp-content\/uploads\/2021\/05\/\u8bc1\u4e66-ISETC.001920200713.jpg 450w, https:\/\/www.zjowen.com\/wp-content\/uploads\/2021\/05\/\u8bc1\u4e66-ISETC.001920200713-212x300.jpg 212w\" data-sizes=\"auto, (max-width: 450px) 100vw, 450px\" \/><\/div><\/div><\/div><\/div><\/div><div><\/div>[\/vc_column][\/vc_row][vc_row][vc_column]<div class=\"cz_gap clr \" style=\"height: 80px\"><\/div>[\/vc_column][\/vc_row][vc_row][vc_column width=&#8221;1\/4&#8243;]<div id=\"cz_51564\" class=\"cz_51564 services clr style1 left wpb_animate_when_almost_visible fadeInUp\"><div class=\"service_custom\"><i class=\"fa czico-040-target-1\"><\/i><\/div><div class=\"service_text\"><h3>CULTURA DE LA EMPRESA<\/h3><div class=\"cz_wpe_content\"><span>Crear los mejores productos y servicios basados en talentos y tecnolog\u00eda.<\/span><\/div><\/div><\/div><div class=\"cz_gap clr \" style=\"height: 30px\"><\/div>[\/vc_column][vc_column width=&#8221;1\/4&#8243;]<div id=\"cz_51828\" class=\"cz_51828 services clr style1 left wpb_animate_when_almost_visible fadeInUp\"><div class=\"service_custom\"><i class=\"fa czico-056-quality\"><\/i><\/div><div class=\"service_text\"><h3>VALORES EMPRESARIALES<\/h3><div class=\"cz_wpe_content\"><span>Trabajar junto con los clientes, obtener beneficios y crecer juntos.<\/span><\/div><\/div><\/div><div class=\"cz_gap clr \" style=\"height: 30px\"><\/div>[\/vc_column][vc_column width=&#8221;1\/4&#8243;]<div id=\"cz_89194\" class=\"cz_89194 services clr style1 left wpb_animate_when_almost_visible fadeInUp\"><div class=\"service_custom\"><i class=\"fa czico-066-money-4\"><\/i><\/div><div class=\"service_text\"><h3>ESP\u00cdRITU EMPRESARIAL<\/h3><div class=\"cz_wpe_content\"><span>Todos los d\u00edas, todos los a\u00f1os, debemos avanzar<\/span><\/div><\/div><\/div><div class=\"cz_gap clr \" style=\"height: 30px\"><\/div>[\/vc_column][vc_column width=&#8221;1\/4&#8243;]<div id=\"cz_82919\" class=\"cz_82919 services clr style1 left wpb_animate_when_almost_visible fadeInUp\"><div class=\"service_custom\"><i class=\"fa czico-041-physics\"><\/i><\/div><div class=\"service_text\"><h3>PAUTAS EMPRESARIALES<\/h3><div class=\"cz_wpe_content\"><span>Haga un registro de buena calidad y establezca una buena base para el control de calidad.<\/span><\/div><\/div><\/div><div class=\"cz_gap clr \" style=\"height: 30px\"><\/div>[\/vc_column][\/vc_row][vc_row][vc_column]<div class=\"cz_gap clr \" style=\"height: 50px\"><\/div><div id=\"cz_19312\" class=\"cz_19312 cz_title clr cz_title_ba_line cz_title_pos_inline wpb_animate_when_almost_visible fadeInUp\"><div class=\"cz_title_content\"><div class=\"cz_wpe_content\"><h3><span style=\"font-size: 24px;\"><strong><b><span style=\"font-size: x-large;\">Equipamiento De Planta<\/span><\/b><\/strong><\/span><\/h3>\n<\/div><div class=\"cz_title_line cz_line_after_title\"><span>_<\/span><\/div><\/div><\/div><div class=\"cz_gap clr \" style=\"height: 30px\"><\/div>[\/vc_column][\/vc_row][vc_row css_animation=&#8221;fadeInUp&#8221;][vc_column]<div id=\"cz4473\" class=\"cz4473 slick arrows_mlr no_dots\" data-slick='{\"selector\":\"\",\"slidesToShow\":3,\"slidesToScroll\":1,\"rows\":1,\"fade\":false,\"vertical\":false,\"verticalSwiping\":false,\"infinite\":false,\"speed\":1000,\"centerMode\":false,\"centerPadding\":\"\",\"variableWidth\":false,\"autoplay\":true,\"autoplaySpeed\":2000,\"dots\":true,\"adaptiveHeight\":false,\"prevArrow\":\"<button type=\\\"button\\\" class=\\\"slick-prev\\\"><i class=\\\"fa fa-chevron-left\\\"><\\\/i><\\\/button>\",\"nextArrow\":\"<button type=\\\"button\\\" class=\\\"slick-next\\\"><i class=\\\"fa fa-chevron-right\\\"><\\\/i><\\\/button>\",\"responsive\":[{\"breakpoint\":769,\"settings\":{\"slidesToShow\":2,\"slidesToScroll\":1,\"touchMove\":true}},{\"breakpoint\":481,\"settings\":{\"slidesToShow\":1,\"slidesToScroll\":1,\"touchMove\":true}}]}'><div id=\"cz_105083\" class=\"cz_grid_p cz_105083\"><div class=\"cz_grid cz_grid_1 clr cz_grid_carousel cz_grid_1_no_title cz_grid_1_mid tac\"><div class=\"cz_grid_item cz_grid_first\"><\/div><div class=\"cz_grid_item \"><div><a class=\"cz_grid_link cz_grid_zoom_in\" href=\"https:\/\/www.zjowen.com\/wp-content\/uploads\/2021\/06\/6.jpg\"><img loading=\"lazy\" decoding=\"async\" width=\"600\" height=\"450\" src=\"data:image\/svg+xml,%3Csvg%20xmlns%3D&#39;http%3A%2F%2Fwww.w3.org%2F2000%2Fsvg&#39;%20width=&#39;600&#39;%20height=&#39;450&#39;%20viewBox%3D&#39;0%200%20600%20450&#39;%2F%3E\" data-czlz data-src=\"https:\/\/www.zjowen.com\/wp-content\/uploads\/2021\/06\/6-600x450.jpg\" class=\"attachment-codevz_600_600\" alt=\"\" data-srcset=\"https:\/\/www.zjowen.com\/wp-content\/uploads\/2021\/06\/6.jpg 600w, https:\/\/www.zjowen.com\/wp-content\/uploads\/2021\/06\/6-300x225.jpg 300w\" data-sizes=\"auto, (max-width: 600px) 100vw, 600px\" \/><div class=\"cz_grid_details\"><i class=\"fa fa-search cz_grid_icon\"><\/i><h3>6 ...<\/h3><\/div><\/a><\/div><\/div><div class=\"cz_grid_item \"><div><a class=\"cz_grid_link cz_grid_zoom_in\" href=\"https:\/\/www.zjowen.com\/wp-content\/uploads\/2021\/06\/5.jpg\"><img loading=\"lazy\" decoding=\"async\" width=\"600\" height=\"450\" src=\"data:image\/svg+xml,%3Csvg%20xmlns%3D&#39;http%3A%2F%2Fwww.w3.org%2F2000%2Fsvg&#39;%20width=&#39;600&#39;%20height=&#39;450&#39;%20viewBox%3D&#39;0%200%20600%20450&#39;%2F%3E\" data-czlz data-src=\"https:\/\/www.zjowen.com\/wp-content\/uploads\/2021\/06\/5-600x450.jpg\" class=\"attachment-codevz_600_600\" alt=\"\" data-srcset=\"https:\/\/www.zjowen.com\/wp-content\/uploads\/2021\/06\/5.jpg 600w, https:\/\/www.zjowen.com\/wp-content\/uploads\/2021\/06\/5-300x225.jpg 300w\" data-sizes=\"auto, (max-width: 600px) 100vw, 600px\" \/><div class=\"cz_grid_details\"><i class=\"fa fa-search cz_grid_icon\"><\/i><h3>5 ...<\/h3><\/div><\/a><\/div><\/div><div class=\"cz_grid_item \"><div><a class=\"cz_grid_link cz_grid_zoom_in\" href=\"https:\/\/www.zjowen.com\/wp-content\/uploads\/2021\/06\/1.jpg\"><img loading=\"lazy\" decoding=\"async\" width=\"600\" height=\"450\" src=\"data:image\/svg+xml,%3Csvg%20xmlns%3D&#39;http%3A%2F%2Fwww.w3.org%2F2000%2Fsvg&#39;%20width=&#39;600&#39;%20height=&#39;450&#39;%20viewBox%3D&#39;0%200%20600%20450&#39;%2F%3E\" data-czlz data-src=\"https:\/\/www.zjowen.com\/wp-content\/uploads\/2021\/06\/1-600x450.jpg\" class=\"attachment-codevz_600_600\" alt=\"\" data-srcset=\"https:\/\/www.zjowen.com\/wp-content\/uploads\/2021\/06\/1.jpg 600w, https:\/\/www.zjowen.com\/wp-content\/uploads\/2021\/06\/1-300x225.jpg 300w\" data-sizes=\"auto, (max-width: 600px) 100vw, 600px\" \/><div class=\"cz_grid_details\"><i class=\"fa fa-search cz_grid_icon\"><\/i><h3>1 ...<\/h3><\/div><\/a><\/div><\/div><div class=\"cz_grid_item \"><div><a class=\"cz_grid_link cz_grid_zoom_in\" href=\"https:\/\/www.zjowen.com\/wp-content\/uploads\/2021\/06\/8.jpg\"><img loading=\"lazy\" decoding=\"async\" width=\"600\" height=\"450\" src=\"data:image\/svg+xml,%3Csvg%20xmlns%3D&#39;http%3A%2F%2Fwww.w3.org%2F2000%2Fsvg&#39;%20width=&#39;600&#39;%20height=&#39;450&#39;%20viewBox%3D&#39;0%200%20600%20450&#39;%2F%3E\" data-czlz data-src=\"https:\/\/www.zjowen.com\/wp-content\/uploads\/2021\/06\/8-600x450.jpg\" class=\"attachment-codevz_600_600\" alt=\"\" data-srcset=\"https:\/\/www.zjowen.com\/wp-content\/uploads\/2021\/06\/8.jpg 600w, https:\/\/www.zjowen.com\/wp-content\/uploads\/2021\/06\/8-300x225.jpg 300w\" data-sizes=\"auto, (max-width: 600px) 100vw, 600px\" \/><div class=\"cz_grid_details\"><i class=\"fa fa-search cz_grid_icon\"><\/i><h3>8 ...<\/h3><\/div><\/a><\/div><\/div><div class=\"cz_grid_item \"><div><a class=\"cz_grid_link cz_grid_zoom_in\" href=\"https:\/\/www.zjowen.com\/wp-content\/uploads\/2021\/06\/3.jpg\"><img loading=\"lazy\" decoding=\"async\" width=\"600\" height=\"450\" src=\"data:image\/svg+xml,%3Csvg%20xmlns%3D&#39;http%3A%2F%2Fwww.w3.org%2F2000%2Fsvg&#39;%20width=&#39;600&#39;%20height=&#39;450&#39;%20viewBox%3D&#39;0%200%20600%20450&#39;%2F%3E\" data-czlz data-src=\"https:\/\/www.zjowen.com\/wp-content\/uploads\/2021\/06\/3-600x450.jpg\" class=\"attachment-codevz_600_600\" alt=\"\" data-srcset=\"https:\/\/www.zjowen.com\/wp-content\/uploads\/2021\/06\/3.jpg 600w, https:\/\/www.zjowen.com\/wp-content\/uploads\/2021\/06\/3-300x225.jpg 300w\" data-sizes=\"auto, (max-width: 600px) 100vw, 600px\" \/><div class=\"cz_grid_details\"><i class=\"fa fa-search cz_grid_icon\"><\/i><h3>3 ...<\/h3><\/div><\/a><\/div><\/div><div class=\"cz_grid_item \"><div><a class=\"cz_grid_link cz_grid_zoom_in\" href=\"https:\/\/www.zjowen.com\/wp-content\/uploads\/2021\/06\/7.jpg\"><img loading=\"lazy\" decoding=\"async\" width=\"600\" height=\"450\" src=\"data:image\/svg+xml,%3Csvg%20xmlns%3D&#39;http%3A%2F%2Fwww.w3.org%2F2000%2Fsvg&#39;%20width=&#39;600&#39;%20height=&#39;450&#39;%20viewBox%3D&#39;0%200%20600%20450&#39;%2F%3E\" data-czlz data-src=\"https:\/\/www.zjowen.com\/wp-content\/uploads\/2021\/06\/7-600x450.jpg\" class=\"attachment-codevz_600_600\" alt=\"\" data-srcset=\"https:\/\/www.zjowen.com\/wp-content\/uploads\/2021\/06\/7.jpg 600w, https:\/\/www.zjowen.com\/wp-content\/uploads\/2021\/06\/7-300x225.jpg 300w\" data-sizes=\"auto, (max-width: 600px) 100vw, 600px\" \/><div class=\"cz_grid_details\"><i class=\"fa fa-search cz_grid_icon\"><\/i><h3>7 ...<\/h3><\/div><\/a><\/div><\/div><div class=\"cz_grid_item \"><div><a class=\"cz_grid_link cz_grid_zoom_in\" href=\"https:\/\/www.zjowen.com\/wp-content\/uploads\/2021\/06\/9.jpg\"><img loading=\"lazy\" decoding=\"async\" width=\"600\" height=\"450\" src=\"data:image\/svg+xml,%3Csvg%20xmlns%3D&#39;http%3A%2F%2Fwww.w3.org%2F2000%2Fsvg&#39;%20width=&#39;600&#39;%20height=&#39;450&#39;%20viewBox%3D&#39;0%200%20600%20450&#39;%2F%3E\" data-czlz data-src=\"https:\/\/www.zjowen.com\/wp-content\/uploads\/2021\/06\/9-600x450.jpg\" class=\"attachment-codevz_600_600\" alt=\"\" data-srcset=\"https:\/\/www.zjowen.com\/wp-content\/uploads\/2021\/06\/9.jpg 600w, https:\/\/www.zjowen.com\/wp-content\/uploads\/2021\/06\/9-300x225.jpg 300w\" data-sizes=\"auto, (max-width: 600px) 100vw, 600px\" \/><div class=\"cz_grid_details\"><i class=\"fa fa-search cz_grid_icon\"><\/i><h3>9 ...<\/h3><\/div><\/a><\/div><\/div><div class=\"cz_grid_item \"><div><a class=\"cz_grid_link cz_grid_zoom_in\" href=\"https:\/\/www.zjowen.com\/wp-content\/uploads\/2021\/06\/4.jpg\"><img loading=\"lazy\" decoding=\"async\" width=\"600\" height=\"450\" src=\"data:image\/svg+xml,%3Csvg%20xmlns%3D&#39;http%3A%2F%2Fwww.w3.org%2F2000%2Fsvg&#39;%20width=&#39;600&#39;%20height=&#39;450&#39;%20viewBox%3D&#39;0%200%20600%20450&#39;%2F%3E\" data-czlz data-src=\"https:\/\/www.zjowen.com\/wp-content\/uploads\/2021\/06\/4-600x450.jpg\" class=\"attachment-codevz_600_600\" alt=\"\" data-srcset=\"https:\/\/www.zjowen.com\/wp-content\/uploads\/2021\/06\/4.jpg 600w, https:\/\/www.zjowen.com\/wp-content\/uploads\/2021\/06\/4-300x225.jpg 300w\" data-sizes=\"auto, (max-width: 600px) 100vw, 600px\" \/><div class=\"cz_grid_details\"><i class=\"fa fa-search cz_grid_icon\"><\/i><h3>4 ...<\/h3><\/div><\/a><\/div><\/div><div class=\"cz_grid_item \"><div><a class=\"cz_grid_link cz_grid_zoom_in\" href=\"https:\/\/www.zjowen.com\/wp-content\/uploads\/2021\/06\/2.jpg\"><img loading=\"lazy\" decoding=\"async\" width=\"600\" height=\"450\" src=\"data:image\/svg+xml,%3Csvg%20xmlns%3D&#39;http%3A%2F%2Fwww.w3.org%2F2000%2Fsvg&#39;%20width=&#39;600&#39;%20height=&#39;450&#39;%20viewBox%3D&#39;0%200%20600%20450&#39;%2F%3E\" data-czlz data-src=\"https:\/\/www.zjowen.com\/wp-content\/uploads\/2021\/06\/2-600x450.jpg\" class=\"attachment-codevz_600_600\" alt=\"\" data-srcset=\"https:\/\/www.zjowen.com\/wp-content\/uploads\/2021\/06\/2.jpg 600w, https:\/\/www.zjowen.com\/wp-content\/uploads\/2021\/06\/2-300x225.jpg 300w\" data-sizes=\"auto, (max-width: 600px) 100vw, 600px\" \/><div class=\"cz_grid_details\"><i class=\"fa fa-search cz_grid_icon\"><\/i><h3>2 ...<\/h3><\/div><\/a><\/div><\/div><\/div><\/div><\/div><div data-cz-style='#cz4473 .slick-list{margin: 0 -5px;clip-path:inset(0 5px 0 5px)}#cz4473 .slick-slide{margin: 0 5px}'><\/div>[\/vc_column][\/vc_row]<\/p>\n","protected":false},"excerpt":{"rendered":"<p>[vc_row content_placement=&#8221;bottom&#8221;][vc_column width=&#8221;3\/4&#8243;][\/vc_column][vc_column width=&#8221;1\/4&#8243;][\/vc_column][\/vc_row][vc_row][vc_column][\/vc_column][\/vc_row][vc_row][vc_column width=&#8221;1\/4&#8243;][\/vc_column][vc_column width=&#8221;1\/4&#8243;][\/vc_column][vc_column width=&#8221;1\/4&#8243;][\/vc_column][vc_column width=&#8221;1\/4&#8243;][\/vc_column][\/vc_row][vc_row][vc_column][\/vc_column][\/vc_row][vc_row css_animation=&#8221;fadeInUp&#8221;][vc_column][\/vc_column][\/vc_row] &#8230; <\/p>\n","protected":false},"author":1,"featured_media":0,"parent":0,"menu_order":0,"comment_status":"closed","ping_status":"closed","template":"","meta":{"footnotes":""},"class_list":["post-463","page","type-page","status-publish","hentry"],"_links":{"self":[{"href":"https:\/\/www.zjowen.com\/index.php\/wp-json\/wp\/v2\/pages\/463","targetHints":{"allow":["GET"]}}],"collection":[{"href":"https:\/\/www.zjowen.com\/index.php\/wp-json\/wp\/v2\/pages"}],"about":[{"href":"https:\/\/www.zjowen.com\/index.php\/wp-json\/wp\/v2\/types\/page"}],"author":[{"embeddable":true,"href":"https:\/\/www.zjowen.com\/index.php\/wp-json\/wp\/v2\/users\/1"}],"replies":[{"embeddable":true,"href":"https:\/\/www.zjowen.com\/index.php\/wp-json\/wp\/v2\/comments?post=463"}],"version-history":[{"count":9,"href":"https:\/\/www.zjowen.com\/index.php\/wp-json\/wp\/v2\/pages\/463\/revisions"}],"predecessor-version":[{"id":514,"href":"https:\/\/www.zjowen.com\/index.php\/wp-json\/wp\/v2\/pages\/463\/revisions\/514"}],"wp:attachment":[{"href":"https:\/\/www.zjowen.com\/index.php\/wp-json\/wp\/v2\/media?parent=463"}],"curies":[{"name":"wp","href":"https:\/\/api.w.org\/{rel}","templated":true}]}}